 Let y be k(-3). Determine b(y).
0
Let m(s) be the second derivative of s**6/180 - s**5/30 - s**4/8 - s**3/3 + s. Let k(f) be the second derivative of m(f). Determine k(4).
13
Suppose -2*k - 2 = 3*q, -q - 3*q - 8 = 4*k. Let b(l) = -1 + l - q*l - 4*l + 0*l - 6*l**2 - l**3. What is b(-5)?
-1
Let j(o) be the second derivative of -o**5/20 + 7*o**4/12 - o**3/3 + 4*o**2 - 27*o. What is j(7)?
-6
Let v(h) be the second derivative of 2*h - 1/12*h**4 - 2*h**2 + 0 - 5/6*h**3. What is v(-5)?
-4
Suppose 0 = 4*p + 12. Let s(f) = f**2 - 1. Calculate s(p).
8
Let r = -15 - -15. Let b(z) = z**3 - z**2 + z - 18. What is b(r)?
-18
Let w(b) = b**3 + 5*b**2 - 8*b - 6. Let s be ((-2)/3)/((-18)/(-162)). Calculate w(s).
6
Let m(a) = a + 7. Let w be 5/2 - 1/2. Suppose -w = -2*u - 4*b, -3*u - 5*b + 2 = -2. Suppose u*i = -i - 20. Determine m(i).
2
Let h(b) be the third derivative of -b**6/120 + b**5/12 - b**4/12 - 5*b**3/6 + b**2. Let a = 5 - 3. Suppose 0 + 8 = a*c. Calculate h(c).
3
Let t(l) = -4*l + 4. Let c be 1 + 7/((-21)/36). Let k be -4*(c/4 - -2). Give t(k).
-8
Let n(z) = -3*z + 2. Let p = 19 - 17. Determine n(p).
-4
Suppose -3*i + 7*i + 4*p - 16 = 0, p = 3*i - 4. Let x be (i - -3)*2/2. Let y(g) = g**2 - 4*g - 6. What is y(x)?
-1
Let m(k) = 17*k - 36*k + 7 + 16*k. Determine m(3).
-2
Let u(s) = -s**2 - 4*s - 3. Let p(i) = 3*i**2 + 8*i + 5. Let n(j) = 2*p(j) + 5*u(j). Calculate n(5).
0
Let s(a) = a**2 - 7*a - 5. Suppose -r + 0*r + 7 = 0. Let t be s(r). Let f = t + 3. Let q(x) = -x**3 - 3*x**2 - 3*x - 3. Determine q(f).
-1
Suppose 3*o - 23 + 5 = 0. Let q(x) = x**2 - 3*x - 7. What is q(o)?
11
Let t(f) = 10*f**2 + f + 14. Let z(s) = -3*s**2 - 4. Let n(w) = -2*t(w) - 7*z(w). Suppose -2 = -4*p - 5*h + 31, 0 = 4*p - 4*h + 12. Determine n(p).
0
Let z(a) = 6*a**3 + a**2 + a. Suppose 0 = 3*w + 9 + 6, -4*u + w + 1 = 0. Give z(u).
-6
Let w be (-2 + (1 - -1))/(-1). Let r = -3 + 13. Suppose 2*n - 3*v + 5*v + 10 = w, 0 = 2*n + 5*v + r. Let a(f) = -2*f + 1. What is a(n)?
11
Let h(q) be the first derivative of -1 + 3*q - 20/3*q**3 - 7*q**2. Let o(w) = 7*w**2 + 5*w - 1. Let n(p) = -6*h(p) - 17*o(p). Give n(3).
5
Let x = -65 + 72. Let q(m) = 2*m + 8. Give q(x).
22
Let p = 3 - -5. Suppose 0 = 4*q - p - 12, -11 = -4*v + q. Let n(c) = -2*c + 4. What is n(v)?
-4
Let t(c) = -c + 2. Let f(w) = -w + 2. Let b(x) = -5*f(x) + 4*t(x). Let v be b(5). Let q(u) = 4 + u + 1 - v. Give q(-5).
-3
Let n(q) = -q - 6. Let t(i) = i**2 - 5. Let m(j) = -2*n(j) + 3*t(j). Calculate m(-3).
18
Let y(z) = 10*z + 3. Let g(s) be the first derivative of -7*s**2/2 - 2*s - 6. Let a(l) = 7*g(l) + 5*y(l). Suppose 0*r - 5 = r. Give a(r).
-4
Let n(g) = -g**3 - 1 + 0 + 5*g**3. Let z(v) = 3*v - 4. Let i be z(4). Suppose 5*a - 3 = -i. Give n(a).
-5
Let t(k) = 3*k**3 + 9*k**2 + 6*k - 11. Let v(c) = 2*c**3 + 8*c**2 + 6*c - 10. Let z(f) = 3*t(f) - 4*v(f). What is z(6)?
7
Let n(x) be the third derivative of x**5/30 + x**4/24 - x**3/3 + 33*x**2. Determine n(3).
19
Let g(l) = l**3 - 3*l**2 - 6*l + 1. Let m be (14/21)/(2/36). Let x = m - 8. Suppose -2*t + t + x = 0. Calculate g(t).
-7
Suppose -5*w = -0*w - 15. Let d(t) = -19*t**2 - 2. Let r(z) = -9*z**2 - 1. Let m(x) = w*d(x) - 7*r(x). Calculate m(-1).
7
Let x(p) be the first derivative of p**3/3 - 2*p**2 + 2*p - 11. Let l = 6 - 2. Calculate x(l).
2
Let u = -1 - 6. Let q(n) = -2*n**3 - 9*n**2 - 9*n - 7. Let y(f) = f**3 + 4*f**2 + 4*f + 4. Let w(x) = u*y(x) - 3*q(x). Give w(0).
-7
Let r(o) = -4*o - 2. Let l(a) = -a**3 - 10*a**2 + 2. Let p be l(-10). Calculate r(p).
-10
Let h(y) = -3 - y**2 - y - 2*y + 9. Determine h(-5).
-4
Let s(j) = j**3 - 7*j**2 + 7*j - 6. Let p be (-2)/12 + (-1)/(-6). Suppose n + 2 = p, 3*f + 2*f - 3*n - 6 = 0. Suppose 0 = 3*v - f*v - 18. Determine s(v).
0
Let u(i) be the first derivative of i**3/3 + 7*i**2/2 - 2*i + 4. Determine u(-7).
-2
Let y(h) = h**3 + h**2 + h + 5. Suppose 4 = 3*w + f + 2, 5*w - 5*f = 30. Suppose 0*b - w*b = 0. Give y(b).
5
Let r(o) = -2*o**2 - o - 13. Let u(y) = 3*y**2 + 2*y + 19. Let i(n) = -7*r(n) - 5*u(n). What is i(-5)?
-14
Let k(u) = u**2 - 6*u + 6. Let d(s) = s**3 - 4*s**2 - 3*s - 5. Let y be d(5). Let h be (-4)/(4/(-5)) - 2. Let v be h/(2 + y/(-4)). Calculate k(v).
-2
Let u(j) be the second derivative of j**5/20 - j**4/4 + 2*j**3/3 - 2*j**2 + 5*j. Calculate u(3).
8
Let i(z) = 7*z + 38. Let q be i(-6). Let u(x) be the third derivative of x**6/120 + x**5/10 + x**4/4 + x**2. Give u(q).
8
Let t(v) = -9*v - 9. Let i(b) = -8*b - 8. Let k(g) = -6*i(g) + 5*t(g). What is k(3)?
12
Suppose -8 = p + p. Let o(y) be the third derivative of -1/6*y**3 - 1/120*y**6 - 1/4*y**4 + 0*y + 0 - 1/12*y**5 + 2*y**2. Calculate o(p).
7
Let i(x) = 3*x - 2*x - 2*x. Let a(c) = 6*c - 1 - c - 5*c + 6*c. Let d be a(1). Calculate i(d).
-5
Let y(l) = -l - 8. Let c be y(-9). Let f(w) = -w + 1. Let b(o) = -2*o + 8. Let i(z) = c*f(z) - b(z). Calculate i(0).
-7
Let m(d) = 6*d - 5. Let j(x) = 3*x - 3. Let g(s) = 7*j(s) - 4*m(s). Let a be g(-2). Let l(w) = w - 3. Determine l(a).
2
Let x(m) = -m**3 - m**2 + m + 1. Let l(k) = 3*k**3 + 3*k**2 - 6*k - 5. Let d(j) = -l(j) - 4*x(j). Determine d(-1).
-1
Let c(o) = o. Let m be (-5)/(-1) - (-3 + 3). Suppose p - 4 = -3*u + 2*u, -2*p = m*u - 14. What is c(p)?
2
Let w = -2 + 2. Suppose w = -5*r - 2*t + 13, 4*r - 4 = -t + 7. Suppose 0 = 4*n - r*n + 4. Let p(o) = o**2 + 6*o + 4. What is p(n)?
-4
Let n be 60/25 + 6/(-15). Let g(d) = d**3 + d**2 - d. What is g(n)?
10
Let k(u) be the second derivative of 3*u**5/10 - u**4/12 + u**2/2 - u. Suppose v = -2*v + 12. Suppose v*x + r - 5 = 0, 2*r + 1 = 3*r. Determine k(x).
6
Suppose -p - 4*l - 17 = 0, -5*l - 40 = -7*p + 2*p. Let q be -3*(-16)/6*2/4. Let d(y) = -p - q - y - y. What is d(-6)?
5
Let q(j) = -2*j + 3. Let m be (-5 + -3 + 3)*-1. Determine q(m).
-7
Let q(o) = o**3 - 4*o**2 - 8*o + 5. Let w(m) = m**3 - 4*m**2 - 9*m + 6. Let v(z) = 3*q(z) - 2*w(z). Let d = 10 - 7. Let j = 8 - d. Give v(j).
-2
Let r(p) = p**3 - 7*p**2 + 3*p - 3. Let i(f) = f - 1. Let q(h) = -3*i(h) - r(h). Determine q(6).
6
Let h(q) = q**3 + 1. Suppose -3*w + 76 = 5*f, 2*f = 4*w + 27 - 163. Suppose 0 = -5*t + b + w, -2*b + 2 = -4. Let k = 7 - t. Determine h(k).
1
Let c(w) = w + 1. Let t be 2/7 + 430/(-35). Let n be (-21)/t + (-2)/(-8). Suppose -3*g = n*g. Give c(g).
1
Suppose 0 = 2*s - 8, 3*p + 5*s = 6*s - 19. Let j(i) = i**2 + 7*i + 6. Determine j(p).
-4
Let q(m) = 2*m**3 + 13*m**2 + 8*m - 1. Let b(f) = f**3 + 7*f**2 + 4*f - 1. Let r(s) = 5*b(s) - 3*q(s). Give r(-2).
-2
Let s(h) = h - 12. Let p = -5 + 7. Let z = 5 + p. Let n be s(z). Let r(i) = i**2 + 7*i + 7. Determine r(n).
-3
Let q(k) = -k**2 - 3*k - 1. Let l(v) = -v**2 - 2*v. Let t(f) = 3*l(f) - 2*q(f). Determine t(2).
-2
Let p(r) = 1 + 10*r**3 - 5*r**2 + 10*r**2 - 9*r**3. Determine p(-5).
1
Let y be (-5)/5 - (2 + 1). Let v be -9*(-1)/(-1) + 1. Let q(l) = 11*l + 15. Let x(n) = -4*n - 5. Let s(b) = v*x(b) - 3*q(b). Determine s(y).
-1
Let l(y) = 2*y - 6. Let p be l(4). Let k(t) = 4*t - 2 - 9*t - 23*t**3 + 24*t**3 - 3*t**p. Give k(4).
-6
Let t(d) be the first derivative of d**3/3 + d**2/2 + 5*d + 1. Let s = -1 - -1. What is t(s)?
5
Let b = -7 - -3. Let v(m) = 2*m - m - 4 + 2*m - m. What is v(b)?
-12
Let f(h) = 2*h**3 - 4*h**2 - h - 1. Let a = -46 + 49. Determine f(a).
14
Let g = -14 - -16. Let p = g + -3. Let m(b) = -8*b - 1. Determine m(p).
7
Let h(t) = t - 6. Let n be h(8). Suppose n*b = 7*b - 35. Let y(k) = -k + 8. Calculate y(b).
1
Let y = -7 - -12. Let t(x) = x + y*x + 1 + x**2 - 7*x. Let k(m) = 2*m - 2. Let g be k(2). What is t(g)?
3
Let v(i) = i**3 - 11*i**2 - i + 10. Let z be v(11). Let s(m) = -4*m**3 + 2*m**2 + m. Give s(z).
5
Let a(d) = -d**3 - 3*d**2 + 4*d + 4. Suppose 0 = -12*o + 7*o - 25. Let q be (6/o)/((-6)/(-15)). Determine a(q).
-8
Let y(t) = -t**3 - 4*t**2 - t + 4. Let o(j) = -4*j**3 + j**2 - 1. Let l be o(1). What is y(l)?
8
Let g be (8/28)/((-3)/(-42)). Let r(f) = -2*f + 3. Determine r(g).
-5
Let g(z) be the third derivative of -z**5/6 + z**4/12 + z**3/6 + 2*z**2. Calculate g(-1).
-11
Let k(n) be the third derivative of -n**5/60 - n**4/4 + 7*n**3/6 + 2*n**2. Let m = -8 + 2. What is k(m)?
7
Suppose 33 = -18*b - 39. Let i(c) = -5*c**2 - 26*c + 9. Let h(u) = u**2 + 5*u - 2. Let w(o) = -11*h(o) - 2*i(o). Give w(b).
0
Suppose 3*x = 2*u + u - 21, 10 = 